{"id":62,"date":"2020-03-20T15:59:32","date_gmt":"2020-03-20T14:59:32","guid":{"rendered":"https:\/\/im-tc.eu\/?page_id=62"},"modified":"2026-01-26T11:01:22","modified_gmt":"2026-01-26T10:01:22","slug":"handel-miedzynarodowy","status":"publish","type":"page","link":"https:\/\/im-tc.eu\/","title":{"rendered":"Handel mi\u0119dzynarodowy"},"content":{"rendered":"\n\t<p><strong>POMAGAMY W OSI\u0104GNI\u0118CIU SUKCESU TWOJEJ FIRMY.<\/strong><\/p>\n\t\t\t\t<img decoding=\"async\" data-src=\"https:\/\/im-tc.eu\/wp-content\/uploads\/2020\/03\/h1.jpg\" alt=\"h1\" itemprop=\"image\" height=\"409\" width=\"409\" title=\"h1\" onerror=\"this.style.display='none'\" src=\"data:image\/svg+xml;base64,PHN2ZyB3aWR0aD0iMSIgaGVpZ2h0PSIxIiB4bWxucz0iaHR0cDovL3d3dy53My5vcmcvMjAwMC9zdmciPjwvc3ZnPg==\" class=\"lazyload\" style=\"--smush-placeholder-width: 409px; --smush-placeholder-aspect-ratio: 409\/409;\" \/>\n\t<p>HANDEL MI\u0118DZYNARODOWY:<\/p>\n<ul>\n<li>Pomoc w pozyskaniu kontrahent\u00f3w<\/li>\n<li>Przedstawicielstwo<br \/>\nna rynku skandynawskim<\/li>\n<\/ul>\n\t<h2>HANDEL MI\u0118DZYNARODOWY &#8211; JESTE\u015aMY POMOSTEM MI\u0118DZY POLSK\u0104 A SZWECJ\u0104<\/h2>\nSzukasz wsp\u00f3\u0142pracy z kontrahetami w skandynawi? Pomo\u017cemy Ci to osi\u0105gn\u0105\u0107.<br \/>\nJeste\u015b obywatelem Szwecji a jednocze\u015bnie jeste\u015b zainteresowany zakupem produkt\u00f3w w atrakcyjnych cenach z Polski? Skorzystaj z naszych uslug.\n\t<table>\n<tbody>\n<tr>\n<td>Wyszukanie odpowiednich kontrahent\u00f3w<\/td>\n<td><\/td>\n<td>Spotkania i rozmowy wst\u0119pne<\/td>\n<td><\/td>\n<td>Reprezentacja przed stronami biznesowymi<\/td>\n<td><\/td>\n<td>Wsparcie doradcze na wszystkich etapach<\/td>\n<td><\/td>\n<\/tr>\n<\/tbody>\n<\/table>\n","protected":false},"excerpt":{"rendered":"<p>POMAGAMY W OSI\u0104GNI\u0118CIU SUKCESU TWOJEJ FIRMY. HANDEL MI\u0118DZYNARODOWY: Pomoc w pozyskaniu kontrahent\u00f3w Przedstawicielstwo na rynku skandynawskim HANDEL MI\u0118DZYNARODOWY &#8211; JESTE\u015aMY POMOSTEM MI\u0118DZY POLSK\u0104 A SZWECJ\u0104 Szukasz wsp\u00f3\u0142pracy z kontrahetami w skandynawi? Pomo\u017cemy Ci to osi\u0105gn\u0105\u0107. Jeste\u015b obywatelem Szwecji a jednocze\u015bnie jeste\u015b zainteresowany zakupem produkt\u00f3w w atrakcyjnych cenach z Polski? Skorzystaj z naszych uslug. Wyszukanie odpowiednich [&hellip;]<\/p>\n","protected":false},"author":1,"featured_media":0,"parent":0,"menu_order":0,"comment_status":"closed","ping_status":"closed","template":"","meta":{"_acf_changed":false,"footnotes":""},"class_list":["post-62","page","type-page","status-publish","hentry"],"acf":[],"_links":{"self":[{"href":"https:\/\/im-tc.eu\/index.php\/wp-json\/wp\/v2\/pages\/62","targetHints":{"allow":["GET"]}}],"collection":[{"href":"https:\/\/im-tc.eu\/index.php\/wp-json\/wp\/v2\/pages"}],"about":[{"href":"https:\/\/im-tc.eu\/index.php\/wp-json\/wp\/v2\/types\/page"}],"author":[{"embeddable":true,"href":"https:\/\/im-tc.eu\/index.php\/wp-json\/wp\/v2\/users\/1"}],"replies":[{"embeddable":true,"href":"https:\/\/im-tc.eu\/index.php\/wp-json\/wp\/v2\/comments?post=62"}],"version-history":[{"count":26,"href":"https:\/\/im-tc.eu\/index.php\/wp-json\/wp\/v2\/pages\/62\/revisions"}],"predecessor-version":[{"id":152,"href":"https:\/\/im-tc.eu\/index.php\/wp-json\/wp\/v2\/pages\/62\/revisions\/152"}],"wp:attachment":[{"href":"https:\/\/im-tc.eu\/index.php\/wp-json\/wp\/v2\/media?parent=62"}],"curies":[{"name":"wp","href":"https:\/\/api.w.org\/{rel}","templated":true}]}}